(o). What is the tens digit of m(4)?
2
Let v = 7 - 0. Suppose 3*i - 1146 = -3*z, v*z - 1912 = -5*i + 3*z. What is the hundreds digit of i?
3
Let r(m) = m**3 + 7*m**2 + m + 8. Let j be r(-7). Let k be (-1116)/(-15) + j + (-2)/5. Suppose 0*g + g - k = -3*w, -55 = -g + w. What is the units digit of g?
0
Let d(c) = 223*c - 93. What is the units digit of d(5)?
2
Suppose 178 = 15*z - 13097. What is the tens digit of z?
8
Suppose -4*k + 13 = -7. Let o(x) = -x + 9*x + 4*x + 13 - 3*x. What is the units digit of o(k)?
8
Let a be ((-24)/(-9) + -4)*(306 - 3). Let k = 1000 + a. What is the hundreds digit of k?
5
Let i = -1256 + 3240. Suppose 4*w = -5*s + i, -2*s + 5*w = -877 + 57. What is the tens digit of s?
0
Let z(a) = -a - 1. Let d be z(-4). Suppose -2*w = -y - 13, 17 + 20 = 3*w + 2*y. Suppose 5*m - 19 = -4*t, w + 12 = 4*t + d*m. What is the units digit of t?
6
Let q(s) = -35*s + 2400. What is the tens digit of q(-82)?
7
Let h(y) be the second derivative of -65*y**3/6 + 23*y**2 + 35*y - 1. What is the tens digit of h(-7)?
0
Let a = 2119 - 1999. Suppose 2*i + 4*f - 814 = -244, -3*f = -2*i + 591. Let w = i - a. What is the tens digit of w?
7
Let w be (81/9 - 12) + 2*7. Suppose -6328 + 15986 = w*r. What is the hundreds digit of r?
8
Suppose -2*f = -5*f - 24. Let y be 18/f*(-96)/18. Suppose -1104 = 6*s - y*s. What is the units digit of s?
4
What is the tens digit of (-511676)/108*-3 - (-4)/(-18)?
1
Let p(u) = 3*u**3 - 1072621*u + 14*u**2 + 1072599*u - 4*u**3 + 16. Suppose -4*o + 9 + 39 = 0. What is the tens digit of p(o)?
4
Let k = 4986 - 1826. What is the thousands digit of k?
3
Let v = 4031 - 2249. What is the units digit of v?
2
Suppose -5*y - 225 = 5*n, y - 3*n - 55 = 2*y. Suppose 3*u = 5*c + 501, -2*u + c + 330 = -c. Let b = y + u. What is the units digit of b?
2
Let x = -17854 - -30115. What is the units digit of x?
1
Let k be ((-6)/21 + 87/84)*-24. Let g be (14 - 4)*19/2. What is the units digit of ((-32)/k - (-2)/9)*g?
0
Let y = -51353 + 78693. What is the hundreds digit of y?
3
Let s be -3*(-1)/(-3) + 5. Suppose 375 = 2*b + 3*h, 3*b - s*b + 185 = -h. What is the tens digit of b?
8
Let r = -345 + 347. What is the tens digit of ((-2)/3)/(((-10)/2445)/r)?
2
Let q(t) = -15*t - 187. Let s be q(-15). What is the hundreds digit of 5 - (s/(-152) - (-4843)/(-4))?
2
Suppose 13*a + 617778 = 38*a + 17*a. What is the tens digit of a?
0
What is the units digit of (-1480822)/(-171) + ((-30)/225)/((-3)/5)?
0
Let g(b) = -1446*b - 4742. What is the ten thousands digit of g(-16)?
1
Let o(p) = -2*p - 20. Let s be o(-10). Suppose s = -2*x + 649 + 197. What is the units digit of x?
3
Suppose -15 = 5*v, 188*v + 22998 = 3*k + 187*v. What is the thousands digit of k?
7
Let n(a) = 311*a**2 + 98*a + 1612. What is the tens digit of n(-14)?
9
Suppose -2*q - 5*j = -11953, 6*q - 11*q = -4*j - 29833. What is the units digit of q?
9
Suppose -2*u = 5*d - 38937, -8*u + 12*u + 4*d = 77916. What is the tens digit of u?
8
Let g(d) = -d. Let s(r) = -241*r + 10. Let n(c) = -5*g(c) + s(c). What is the units digit of n(-2)?
2
Let z(c) = 3*c**3 + 28*c**2 + 9*c - 17. Suppose -5*o + o + 160 = 0. Let v = o - 48. What is the units digit of z(v)?
7
Let f(l) = 5*l**3 - 59*l**2 + 48*l - 56. What is the ten thousands digit of f(18)?
1
Let a = -42808 + 84017. What is the thousands digit of a?
1
Let q(g) = -126*g + 427. What is the hundreds digit of q(-5)?
0
Let a = 6248 + -1145. What is the thousands digit of a?
5
Let d(f) = 16*f**2 - 22*f + 4. Let b be d(2). Suppose t + 2*g = 665, t = b*g - 28*g + 665. What is the units digit of t?
5
Let s = -8622 + 18776. What is the hundreds digit of s?
1
Let j(u) = 6*u + 8. Let c be (-3)/5 + (-4466)/(-110). Suppose 0 = 5*r + 5*z - c, 3*r + 5*z - 12 = 2. What is the units digit of j(r)?
6
Suppose 9*o - 1378 = 3104. What is the tens digit of 24/(-36)*6/(-8)*o?
4
Suppose -503137 = -59*o + 1677857. What is the hundreds digit of o?
9
Suppose 594687 = 119*s + 365415 - 944187. What is the hundreds digit of s?
8
Suppose 328503 + 367991 = 70*v - 1105026. What is the hundreds digit of v?
7
Let z = 336 + -102. Suppose 72*g - 69*g - z = 0. What is the units digit of g?
8
Let d be 6/(-3) - (-5)/1. Suppose d*x + 9 = 3*a, 2*a + a - 5*x = 11. What is the tens digit of (-1)/a*-1 + (-2493)/(-18)?
3
Suppose 404278 = 76*v - 351086. What is the thousands digit of v?
9
Suppose 2362494 = 40*o + 302774. What is the ten thousands digit of o?
5
Suppose -69*n - 202*n + 2075900 = -833285. What is the units digit of n?
5
Suppose 30971 = 5*v - 4*n, -454*n = -5*v - 449*n + 30970. What is the thousands digit of v?
6
Suppose 4*y + 43*k - 45*k = -862, -15 = -3*k. Suppose -3*l - 351 = -3*f, -348 = 3*l - 4*f - 0*f. Let n = l - y. What is the units digit of n?
3
Let i(s) = -s**3 + 13*s**2 - 12*s + 10. Let x = -56 + 113. Suppose 3*c = -5*z + x, 0 = 3*z - 3*c - 30 - 9. What is the units digit of i(z)?
0
Let k be -4*12/16*-1. Suppose -4*u - a = -45, 20 = u - k*a - 1. Suppose -2*d = -5*y + u + 37, 3*y + 3*d = 21. What is the units digit of y?
9
Let o = -190 + 198. What is the units digit of 5/(o/242*(-30)/(-120))?
5
What is the tens digit of (-276)/(-10)*(-1560)/(-48)?
9
Let f = 41759 + -33030. What is the units digit of f?
9
Let d(q) = q**3 - 8*q**2 - 7*q + 19. Let p be d(15). Let x = p - 553. What is the hundreds digit of x?
9
What is the ten thousands digit of ((-612)/45 + 12)/(208795/52200 - 4)?
1
Let k(g) = 4*g - 49. Let h be k(13). Suppose -227 + 605 = h*o. Suppose -5*l = -2*l - o. What is the tens digit of l?
4
Let a = -162 - -438. Let r be 1/2 + 27/6. Suppose 0*s + k - 292 = -s, -a = -s - r*k. What is the hundreds digit of s?
2
Let n(w) = -8885*w - 923. What is the thousands digit of n(-2)?
6
Suppose 0 = 3*m + 23 - 35. Suppose -4*f + 16 = 4. Suppose 0 = 4*t, -2 = -f*k + t + m. What is the units digit of k?
2
Suppose 10*v - 212 = 6*v. Let b = 108 - v. Let x = b + 13. What is the units digit of x?
8
Let h be 1127/8 - (-2)/(-32)*-2. Let f = 45 - h. Let k = f + 98. What is the units digit of k?
2
Let l(n) = -n**2 + 45*n - 187. Let f be l(5). Let m = 26 + -12. What is the units digit of (m/(-8))/(f/(-260))?
5
Suppose 3*m - 3*z - 15 = 3, 0 = -4*m - z + 9. Suppose -15 + 0 = -m*s. Let a(j) = 4*j**2 - 3*j - 13. What is the units digit of a(s)?
2
Let j be (-3)/(-24) - 286/(-16). What is the hundreds digit of (-60)/j*((-9288)/15)/3?
6
Let a(v) = 247*v - 1142. What is the hundreds digit of a(35)?
5
Let w(h) be the first derivative of 3*h**3 - 7*h**2/2 + 11*h + 59. What is the tens digit of w(-5)?
7
Let u(k) = -7*k - 277. Let w be u(-37). Let x(s) = 5*s**2 + 26*s + 52. What is the tens digit of x(w)?
0
What is the tens digit of 3/(27/(-30))*(9 - 750)?
7
Let u(b) = -2*b**2 + 26*b + 3. Let p be u(13). Suppose 0 = p*m, -m = w + 2*w - 600. What is the tens digit of w?
0
Let y(m) = 1571*m**3 + m**2 + 1. Let h be y(-1). What is the units digit of h/(-2) + (-34)/(-68)?
5
Suppose 0 = 27*o - 1 + 1837. Let k = 2 + -15. Let h = k - o. What is the tens digit of h?
5
Suppose 11*q = 14*q + 2*f - 77, 42 = 2*q - f. Let u(l) = 2*l**2 - 7*l - 206. What is the hundreds digit of u(q)?
6
Suppose 38*j - 37*j - 2883 = 0. Suppose -15*v + j = 1113. Let k = 200 - v. What is the tens digit of k?
8
Let i(z) = 4*z**2 + 22*z - 16. Let l(j) = 4*j**2 + 23*j - 16. Let h(v) = 6*i(v) - 5*l(v). What is the units digit of h(-12)?
6
Let w(g) = -g**2 + 3*g + 18. Let v be 3/(-2)*-8*6/12. Let u be w(v). Suppose u*p + 105 = p + 3*b, 2*p + b - 185 = 0. What is the tens digit of p?
9
Let s(v) = -v**3 - 6*v**2 - 7*v - 8. Let g be s(-5). Suppose 5*x + 12 = -d - 13, g*d - 3*x + 24 = 0. What is the units digit of (d/(-18))/(2/(-4))*-51?
5
Suppose 0 = -r - 5*p + 45, -r + 4*r - p = 71. Suppose -r = -4*q + 31. Suppose 668 = -q*u + 3566. What is the hundreds digit of u?
2
Let w = 59265 + -40840. What is the tens digit of w?
2
What is the units digit of 4/(-2)*-2 + (-19036)/(-1)?
0
Let j be 1/6 + (0 - 22821/(-18)). What is the tens digit of (16/(-8) + (1 - -2))*j?
6
Let m = -4 - -3. Let z be m + 0/(-5) + -149. Let r = z + 353. What is the units digit of r?
3
Let b(v) = -v**2 - 25*v - 21. Let u be b(-24). Suppose 18 = u*r - 0. What is the tens digit of -2 - (-14)/r - (-5790)/45?
2
Suppose 4 = -4*t, 0*t = -3*j + 3*t + 31257. What is the hundreds digit of 